e -y = 68 + 27. Let k = y - -149. Calculate the highest common divisor of k and 6.
6
Let i = 1 + 49. Calculate the greatest common divisor of 10 and i.
10
Let n(z) = 9*z**2 - z + 1. Let s be n(-2). Calculate the highest common divisor of 26 and s.
13
Suppose -5*u = 4*p - 54, 2*p - 5*u - 42 = -0*u. Calculate the greatest common factor of 128 and p.
16
Suppose -2*i + 3*z = 3, -i - 3*z + 4 = z. Suppose -d - d + 16 = i. What is the greatest common divisor of 1 and d?
1
Suppose g - 47 - 3 = 0. What is the highest common factor of g and 10?
10
Suppose -4*t = -3*x - 45, -6*t + 2*t + 2*x = -46. What is the highest common factor of t and 132?
12
Suppose 2*v = -5 + 27. Let i = 149 + -105. What is the greatest common divisor of v and i?
11
Let u = -24 + 38. Let g be (-4)/u + (-422)/(-7). Calculate the greatest common factor of 12 and g.
12
Let b be 0*(-4)/(-12) + 17. Calculate the highest common divisor of 17 and b.
17
Let n be 1 + (-2 - -2) + 3. Suppose 0 = -2*i + n*a, 7*i + 20 = 3*i - 2*a. Let l = i - -10. Calculate the greatest common divisor of l and 66.
6
Suppose -u + 15 = -0*u. Let w be 2/(-5) - (-6)/u. Suppose -2*f - 2*f + 396 = w. What is the greatest common divisor of f and 9?
9
Let w(k) = -5*k + 30. Let t(z) = -4*z + 30. Let i(p) = 4*t(p) - 3*w(p). Let u be i(14). Calculate the highest common factor of u and 96.
16
Suppose 18 = -0*c + 3*c. Suppose 0 = m - 3*m + 60. Calculate the highest common divisor of c and m.
6
Let a be (-2)/((-5 - -2) + 1). Let l = a - 4. Let o be (-3)/l*(-2)/(-2). Calculate the highest common factor of o and 4.
1
Suppose 4*v - 5*y + 19 = 6*v, 0 = 2*v - 2*y - 12. Calculate the greatest common factor of 7 and v.
7
Let n = -58 + 74. Calculate the greatest common divisor of n and 1.
1
Let a(p) = 2*p + 1. Let n be a(1). Suppose -2*t + 4 = -10. Suppose -n*h + t*h = 28. Calculate the highest common factor of h and 7.
7
Suppose 2*d = -3*u + 2, -4*u + 2 = 3*d - 0. Suppose w = -u*r + 4*w + 71, 4*r + 3*w - 97 = 0. Calculate the highest common divisor of r and 14.
14
Let s = 3 + -1. Let k(t) = 7*t + 62. Let f be k(-8). What is the greatest common factor of s and f?
2
Let u = -30 + 52. Let v be ((-1 - -2)*-11)/(-1). Calculate the highest common divisor of u and v.
11
Let m be 105 - (-1 + 1 + -3). Suppose m = 4*i + 5*w, 61 = 2*i + 4*w + 7. Calculate the greatest common factor of 18 and i.
9
Suppose v = 30 - 6. Calculate the highest common factor of 4 and v.
4
Suppose 0 = 4*v - 4*k - 248, k - 3*k + 296 = 5*v. Let j = -23 - -35. Calculate the highest common divisor of v and j.
12
Suppose 4*p + 21 = -19. Let v = 14 + p. What is the highest common factor of 32 and v?
4
Let r(c) = c**2 - 9*c + 13. Let h be r(10). Let o = -14 + h. Calculate the greatest common factor of o and 9.
9
Let w be -28*(7 - 3 - 6). Calculate the highest common factor of w and 42.
14
Let f be (-33)/27 - -1 - 218/(-9). What is the highest common divisor of f and 120?
24
Let a = 33 - 31. Calculate the greatest common divisor of a and 7.
1
Suppose -q = -39 + 13. Let x = 1 + q. Let r be ((-3)/(-5))/(3/90). Calculate the greatest common factor of x and r.
9
Suppose -2*j + 32 = -4*o, j + 0*j + 3*o = 36. Calculate the highest common factor of j and 36.
12
Suppose 5*m = m - 4*x + 60, 4*m - 3*x = 74. Calculate the greatest common factor of m and 51.
17
Let c(d) = 3*d**3 - 4*d**2 + 2*d + 1. Let b be c(2). Let q be 5 + -2 - 2*-44. What is the highest common divisor of b and q?
13
Suppose 5*u - 91 = 3*u - s, -4*s + 134 = 3*u. What is the greatest common factor of u and 23?
23
Let j = 35 - -5. Calculate the highest common factor of 8 and j.
8
Let b be (16 + -15)*(32 + 1). Calculate the highest common divisor of b and 231.
33
Let q be 1/((-1)/2)*12. Suppose 3*p = -4*m - p - 12, -m - 4*p = 12. Let u = m - q. What is the greatest common factor of u and 6?
6
Suppose -3*v = -6 - 3. Calculate the greatest common divisor of 15 and v.
3
Suppose 78 + 1947 = 15*f. Calculate the greatest common factor of f and 90.
45
Suppose 2*x + 0*x = 374. What is the highest common factor of x and 17?
17
Let l(w) = -15*w + 14. Let a be l(-2). Calculate the greatest common divisor of a and 66.
22
Let h = -48 + 71. Let i(d) = -d**3 - 3*d**2 - 6*d - 11. Let p be i(-5). Calculate the greatest common factor of h and p.
23
Let w(b) = -b + 7. Let i be w(-7). Let u be 1*-1 - (-71)/1. Calculate the greatest common divisor of u and i.
14
Let i = -36 - -70. Suppose -2*f - f + i = 4*k, 14 = k - 2*f. Calculate the greatest common divisor of 20 and k.
10
Suppose 96 = 4*l + 2*o - 152, -2*l = 2*o - 128. Let f be (-98)/(-5) - (-24)/l. What is the highest common divisor of f and 10?
10
Let d = -60 + 116. Calculate the highest common divisor of 7 and d.
7
Suppose -g = -5*g + 36. Let d = g + -11. Let v = 19 - d. Calculate the highest common factor of v and 21.
21
Suppose 5*s + 2*s - 441 = 0. Calculate the highest common divisor of s and 9.
9
Suppose 0 = -6*j + 3*j + 87. Suppose 3*p + j = 4*t, 0*t - 5*p + 45 = 5*t. Calculate the highest common divisor of 56 and t.
8
Suppose 3*k - 60 = -2*k. Suppose 0 = -4*v - 4 + k. Suppose 3*h - 4*h + 105 = 5*r, -4*r + 5*h = -113. Calculate the highest common divisor of v and r.
2
Let u = 46 - 1. What is the highest common divisor of 18 and u?
9
Let u = -1 + 2. Suppose 0 + u = -a - 4*s, -3*a = -2*s - 53. Let k = 14 + -8. Calculate the highest common divisor of a and k.
3
Suppose -28 = -6*y + 152. What is the highest common factor of y and 45?
15
Suppose -396 = -8*t + 444. Let m be 58/4 - 2/(-4). Calculate the highest common factor of t and m.
15
Let v(b) = 2*b**2 + b + 2. Let c be (0 - 0)*1/2. Suppose c = -j - 3*j - 8. Let r be v(j). Calculate the greatest common divisor of r and 8.
8
Let d be 3/(-3) + -2 + 13. Let l(i) = -i**2 - 7*i + 2. Let w be l(-7). What is the greatest common divisor of d and w?
2
Suppose -4*x = 0, 5*x - 3 + 11 = 2*o. Let p be -4*((-3)/3 - 0). What is the greatest common factor of o and p?
4
Let h be (13 + -1)/((-4)/(-10)). Suppose j - 2*o - 114 = -0*j, 3*j - 342 = o. Let a be (-4)/1 - j/(-6). What is the highest common divisor of a and h?
15
Let l(j) = -j**3 - 8*j**2 + j + 11. Let a be l(-8). Suppose a*q - 40 = -q. Calculate the greatest common factor of q and 90.
10
Let u = -67 - -71. Calculate the greatest common divisor of u and 10.
2
Let z be 1 + (2 - 0) - 1. Let k be 2*(16/z + 2). Let a = k + -6. What is the greatest common divisor of 2 and a?
2
Suppose -n = -4*x - 2*n + 3, -2*x = -5*n + 15. Suppose x + 8 = q. Suppose -w = w - q. What is the highest common factor of w and 8?
4
Let j = 8 + -5. Suppose 0*h = j*h - 18. What is the greatest common divisor of 6 and h?
6
Let o be (-3)/(327/(-108) + 3). Calculate the greatest common factor of o and 12.
12
Suppose 3*p = -0 + 9. Suppose -d - 2*d = f - 102, 0 = f - 3. Calculate the highest common factor of p and d.
3
Let x = 337 + -111. Let o = x - 82. Calculate the highest common factor of 16 and o.
16
Let u be (11 + 0)/((-3)/(-12)). Suppose 0 = -2*y - 3*y + 15. Let n be u/y*15/10. Calculate the highest common divisor of 33 and n.
11
Suppose y = 1 + 1. What is the greatest common divisor of y and 18?
2
Let b be (-7)/(2/(-19 - 1)). Let o(x) be the first derivative of x**4/4 - 2*x**3 + 7*x**2/2 + 8. Let d be o(5). Calculate the greatest common factor of d and b.
10
Suppose 4*h + 16 = 2*d, 0 = 5*d + 3*h - 22 - 44. Let n = d + -5. Calculate the greatest common factor of n and 7.
7
Suppose -207 = -2*r + 123. Suppose -a = -4*p + 26, 5*a = 2*p + 3*p - 70. Let q be (a/(-3))/((-10)/(-45)). Calculate the highest common divisor of r and q.
15
Let k = 13 - 7. Suppose -k*b = -b. Suppose w - 1 = 1, 5*j + 5*w - 50 = b. Calculate the highest common divisor of 16 and j.
8
Suppose -2*s = s - 96. Suppose 16 = 2*f - 0*f. What is the greatest common factor of s and f?
8
Let g = 4 + -1. Let j = 27 - 15. What is the highest common factor of g and j?
3
Suppose -6*o + 45 = -3*o. What is the greatest common factor of 15 and o?
15
Suppose -11 = -4*l - 3. Let n be (0 - -1)/(9/9). Calculate the highest common factor of l and n.
1
Let s(p) = -2*p**3 - 4*p**2 - 3*p - 6. Let y be s(-4). Let j be (-2 + (-4)/(-6))*(-126)/12. What is the greatest common factor of j and y?
14
Let a(d) = -d**3 - d + 3. Let x be a(0). Suppose 12 = -f + 3*f + o, -x*f + 5*